{"id":7,"date":"2017-03-11T16:37:09","date_gmt":"2017-03-11T16:37:09","guid":{"rendered":"http:\/\/www.lumenpacov.cz\/domains\/lumenpacov.cz\/?page_id=7"},"modified":"2017-05-20T00:11:27","modified_gmt":"2017-05-20T00:11:27","slug":"home","status":"publish","type":"page","link":"https:\/\/www.lumenpacov.cz\/domains\/lumenpacov.cz\/","title":{"rendered":"\u00davodn\u00ed str\u00e1nka"},"content":{"rendered":"<p>Lumen\u2026n\u00e1zev komorn\u00edho p\u011bveck\u00e9ho uskupen\u00ed napov\u00ed mnoh\u00e9\u2026hudba vyza\u0159uje u\u0161lechtil\u00e9 frekvence, hudba jako sv\u011btlono\u0161 nese radost k na\u0161im srdc\u00edm. Jsme amat\u00e9rsk\u00e9 sdru\u017een\u00ed hudebn\u00edch nad\u0161enc\u016f, kter\u00e9 spolu bav\u00ed tvo\u0159it a interpretovat skladby z pestr\u00e9ho reperto\u00e1ru dom\u00e1c\u00edch i zahrani\u010dn\u00edch autor\u016f. \u017d\u00e1nrov\u011b sm\u011b\u0159ujeme sp\u00ed\u0161e k duchovn\u00ed hudb\u011b, od husitsk\u00fdch chor\u00e1lu nen\u00ed daleko k renesan\u010dn\u00ed polyfonii, bav\u00ed n\u00e1s p\u0159ekon\u00e1vat n\u00e1strahy vok\u00e1ln\u00edch souzvuk\u016f skladeb z d\u00edlny sou\u010dasn\u00fdch autor\u016f, \u201esed\u00ed\u201c n\u00e1m citliv\u00e9 harmonie lidov\u00fdch p\u00edsn\u00ed, jako v\u00fdzvu bereme obl\u00edben\u00e9 popul\u00e1rn\u00ed \u0161l\u00e1gry od muzik\u00e1lov\u00fdch melodi\u00ed po hity Beatles, s pokorou se pou\u0161t\u00edme do n\u00e1ro\u010dn\u00fdch Pentatonix \u010di m\u0161e napsan\u00e9 v 21. stolet\u00ed. Jak \u0159\u00edk\u00e1 n\u00e1\u0161 sbormistr Petr Koronth\u00e1ly, na\u0161\u00edm pozn\u00e1vac\u00edm znamen\u00edm je pr\u00e1ce s detailem. Stejn\u011b jako on v\u011b\u0159\u00edme, \u017ee pokud budeme k hudb\u011b p\u0159istupovat s l\u00e1skou, v\u00fdsledek bude st\u00e1t za to.<\/p>\n<p><img loading=\"lazy\" class=\"size-medium wp-image-214 aligncenter\" src=\"http:\/\/www.lumenpacov.cz\/domains\/lumenpacov.cz\/wp-content\/uploads\/2017\/03\/unnamed-300x300.png\" alt=\"\" width=\"300\" height=\"300\" srcset=\"https:\/\/www.lumenpacov.cz\/domains\/lumenpacov.cz\/wp-content\/uploads\/2017\/03\/unnamed-300x300.png 300w, https:\/\/www.lumenpacov.cz\/domains\/lumenpacov.cz\/wp-content\/uploads\/2017\/03\/unnamed-150x150.png 150w, https:\/\/www.lumenpacov.cz\/domains\/lumenpacov.cz\/wp-content\/uploads\/2017\/03\/unnamed-768x767.png 768w, https:\/\/www.lumenpacov.cz\/domains\/lumenpacov.cz\/wp-content\/uploads\/2017\/03\/unnamed-140x140.png 140w, https:\/\/www.lumenpacov.cz\/domains\/lumenpacov.cz\/wp-content\/uploads\/2017\/03\/unnamed.png 1022w\" sizes=\"(max-width: 300px) 100vw, 300px\" \/><\/p>\n","protected":false},"excerpt":{"rendered":"<p>Lumen\u2026n\u00e1zev komorn\u00edho p\u011bveck\u00e9ho uskupen\u00ed napov\u00ed mnoh\u00e9\u2026hudba vyza\u0159uje u\u0161lechtil\u00e9 frekvence, hudba jako sv\u011btlono\u0161 nese radost k na\u0161im srdc\u00edm. Jsme amat\u00e9rsk\u00e9 sdru\u017een\u00ed hudebn\u00edch nad\u0161enc\u016f, kter\u00e9 spolu bav\u00ed tvo\u0159it a interpretovat skladby z pestr\u00e9ho reperto\u00e1ru dom\u00e1c\u00edch i zahrani\u010dn\u00edch autor\u016f. \u017d\u00e1nrov\u011b sm\u011b\u0159ujeme sp\u00ed\u0161e k duchovn\u00ed hudb\u011b, od husitsk\u00fdch chor\u00e1lu nen\u00ed daleko k renesan\u010dn\u00ed polyfonii, bav\u00ed n\u00e1s p\u0159ekon\u00e1vat n\u00e1strahy vok\u00e1ln\u00edch&hellip; <\/p>\n<p class=\"toivo-read-more\"><a href=\"https:\/\/www.lumenpacov.cz\/domains\/lumenpacov.cz\/\" class=\"more-link\">Read more <span class=\"screen-reader-text\">\u00davodn\u00ed str\u00e1nka<\/span><\/a><\/p>\n","protected":false},"author":1,"featured_media":0,"parent":0,"menu_order":0,"comment_status":"closed","ping_status":"closed","template":"","meta":[],"_links":{"self":[{"href":"https:\/\/www.lumenpacov.cz\/domains\/lumenpacov.cz\/wp-json\/wp\/v2\/pages\/7"}],"collection":[{"href":"https:\/\/www.lumenpacov.cz\/domains\/lumenpacov.cz\/wp-json\/wp\/v2\/pages"}],"about":[{"href":"https:\/\/www.lumenpacov.cz\/domains\/lumenpacov.cz\/wp-json\/wp\/v2\/types\/page"}],"author":[{"embeddable":true,"href":"https:\/\/www.lumenpacov.cz\/domains\/lumenpacov.cz\/wp-json\/wp\/v2\/users\/1"}],"replies":[{"embeddable":true,"href":"https:\/\/www.lumenpacov.cz\/domains\/lumenpacov.cz\/wp-json\/wp\/v2\/comments?post=7"}],"version-history":[{"count":6,"href":"https:\/\/www.lumenpacov.cz\/domains\/lumenpacov.cz\/wp-json\/wp\/v2\/pages\/7\/revisions"}],"predecessor-version":[{"id":454,"href":"https:\/\/www.lumenpacov.cz\/domains\/lumenpacov.cz\/wp-json\/wp\/v2\/pages\/7\/revisions\/454"}],"wp:attachment":[{"href":"https:\/\/www.lumenpacov.cz\/domains\/lumenpacov.cz\/wp-json\/wp\/v2\/media?parent=7"}],"curies":[{"name":"wp","href":"https:\/\/api.w.org\/{rel}","templated":true}]}}